{"id":2017,"date":"2025-11-10T21:08:42","date_gmt":"2025-11-10T20:08:42","guid":{"rendered":"https:\/\/cdsctyrlistek.cz\/?page_id=2017"},"modified":"2025-11-11T16:59:50","modified_gmt":"2025-11-11T15:59:50","slug":"moznosti-podani-stiznosti","status":"publish","type":"page","link":"https:\/\/cdsctyrlistek.cz\/?page_id=2017","title":{"rendered":"Mo\u017enosti pod\u00e1n\u00ed st\u00ed\u017enosti"},"content":{"rendered":"\n<div style=\"height:20px\" aria-hidden=\"true\" class=\"wp-block-spacer\"><\/div>\n\n\n\n<p class=\"has-medium-font-size\"><a>U\u017eivatel slu\u017eby a pe\u010duj\u00edc\u00ed osoba maj\u00ed mo\u017enost podat st\u00ed\u017enost, a to:<\/a><\/p>\n\n\n\n<div style=\"height:20px\" aria-hidden=\"true\" class=\"wp-block-spacer\"><\/div>\n\n\n\n<p class=\"has-medium-font-size\">a) p\u00edsemn\u011b \u010di \u00fastn\u011b &#8211; u kter\u00e9hokoliv zam\u011bstnance,<\/p>\n\n\n\n<p class=\"has-medium-font-size\">b) po\u0161tou &#8211; na adresu &#8211; n\u00e1b\u0159. Petra Bezru\u010de 430, Sokolov 35601,<\/p>\n\n\n\n<p class=\"has-medium-font-size\">c) telefonicky \u2013 na telefonn\u00edm \u010d\u00edsle +420 731&nbsp;896&nbsp;839 \u2013 \u0159editelka organizace,<\/p>\n\n\n\n<p class=\"has-medium-font-size\">d) elektronicky na email \u2013&nbsp;<a href=\"mailto:reditelka@cdsctyrlistek.cz\">reditelka@cdsctyrlistek.cz<\/a>,<\/p>\n\n\n\n<p class=\"has-medium-font-size\">e) zakladateli \u00fastavu: Jakub Bartakovics &#8211;&nbsp;<a href=\"mailto:jakubBartakovics@seznam.cz\">jakubBartakovics@seznam.cz<\/a>,<\/p>\n\n\n\n<p class=\"has-medium-font-size\">f) Krajsk\u00e9mu \u00fa\u0159adu Karlovarsk\u00e9ho kraje &#8211; odbor soci\u00e1ln\u00edch v\u011bc\u00ed, Z\u00e1vodn\u00ed 353\/88, Karlovy Vary, 360 06<\/p>\n\n\n\n<p class=\"has-medium-font-size\">g) Liga&nbsp;<a>pro ochranu pr\u00e1v a povinnosti, Bure\u0161ova 615\/6, 602 00 Brno,<\/a><\/p>\n\n\n\n<p class=\"has-medium-font-size\">h) V\u00fdbor&nbsp;<a>pro lidsk\u00e1 pr\u00e1va, n\u00e1b\u0159e\u017e\u00ed Edvarda Bene\u0161e 4, 118 01 Praha 1 &#8211; Mal\u00e1 Stran<\/a>a.<\/p>\n\n\n\n<div style=\"height:20px\" aria-hidden=\"true\" class=\"wp-block-spacer\"><\/div>\n\n\n\n<p class=\"has-medium-font-size\">U\u017eivatel bere na v\u011bdom\u00ed, \u017ee pro pod\u00e1n\u00ed st\u00ed\u017enosti m\u016f\u017ee zmocnit dal\u0161\u00ed osobu.<\/p>\n\n\n\n<p class=\"has-medium-font-size\"><strong>Lh\u016fta pro vy\u0159\u00edzen\u00ed st\u00ed\u017enosti je 30 dn\u016f.<\/strong><\/p>\n\n\n\n<div style=\"height:20px\" aria-hidden=\"true\" class=\"wp-block-spacer\"><\/div>\n\n\n\n<p class=\"has-medium-font-size\">V&nbsp;p\u0159\u00edpad\u011b, \u017ee bude u\u017eivatel nespokojen se zp\u016fsobem vy\u0159\u00edzen\u00ed st\u00ed\u017enosti, nebo v&nbsp;p\u0159\u00edpad\u011b, \u017ee st\u00ed\u017enost nebyla vy\u0159\u00edzena v&nbsp;p\u0159edepsan\u00e9 lh\u016ft\u011b m\u016f\u017ee se u\u017eivatel obr\u00e1tit na:&nbsp;&nbsp;&nbsp;&nbsp;&nbsp;&nbsp;&nbsp;&nbsp;&nbsp;&nbsp;<\/p>\n\n\n\n<p class=\"has-medium-font-size\">ch) Ministerstvo pr\u00e1ce a soci\u00e1ln\u00edch v\u011bc\u00ed \u010cR Na Po\u0159\u00ed\u010dn\u00edm pr\u00e1vu 1\/376, 128 00&nbsp;Praha.<\/p>\n\n\n\n<div style=\"height:20px\" aria-hidden=\"true\" class=\"wp-block-spacer\"><\/div>\n\n\n\n<p class=\"has-medium-font-size\"><strong>Anonymn\u011b<\/strong>: Pokud u\u017eivatel nechce b\u00fdt identifikov\u00e1n, m\u00e1 mo\u017enost podat anonymn\u00ed st\u00ed\u017enost. Organizace by m\u011bla m\u00edt k dispozici anonymn\u00ed schr\u00e1nku nebo jin\u00fd zp\u016fsob pro tyto p\u0159\u00edpady.<\/p>\n\n\n\n<div style=\"height:20px\" aria-hidden=\"true\" class=\"wp-block-spacer\"><\/div>\n\n\n\n<p class=\"has-medium-font-size\"><strong>V kancel\u00e1\u0159i na adrese n\u00e1b\u0159. Petra Bezru\u010de 430, Sokolov 356 01 je um\u00edst\u011bna schr\u00e1nka d\u016fv\u011bry<\/strong>, p\u0159\u00edpadn\u011b se anonymn\u00ed st\u00ed\u017enost m\u016f\u017ee vhodit do po\u0161tovn\u00ed schr\u00e1nky Centra \u010cty\u0159l\u00edstek v&nbsp;dom\u011b na t\u00e9\u017ee adrese.<\/p>\n\n\n\n<div style=\"height:50px\" aria-hidden=\"true\" class=\"wp-block-spacer\"><\/div>\n","protected":false},"excerpt":{"rendered":"<p>U\u017eivatel slu\u017eby a pe\u010duj\u00edc\u00ed osoba maj\u00ed mo\u017enost podat st\u00ed\u017enost, a to: a) p\u00edsemn\u011b \u010di \u00fastn\u011b &#8211; u kter\u00e9hokoliv zam\u011bstnance, b) po\u0161tou &#8211; na adresu &#8211; n\u00e1b\u0159. Petra Bezru\u010de 430, Sokolov 35601, c) telefonicky \u2013 na telefonn\u00edm \u010d\u00edsle +420 731&nbsp;896&nbsp;839 \u2013 \u0159editelka organizace, d) elektronicky na email \u2013&nbsp;reditelka@cdsctyrlistek.cz, e) zakladateli \u00fastavu: Jakub Bartakovics &#8211;&nbsp;jakubBartakovics@seznam.cz, f) Krajsk\u00e9mu [&hellip;]<\/p>\n","protected":false},"author":1,"featured_media":0,"parent":0,"menu_order":0,"comment_status":"closed","ping_status":"closed","template":"","meta":{"_regular_price":[],"currency_symbol":[],"footnotes":""},"class_list":["post-2017","page","type-page","status-publish","hentry"],"post_slider_layout_featured_media_urls":{"thumbnail":"","post_slider_layout_landscape_large":"","post_slider_layout_portrait_large":"","post_slider_layout_square_large":"","post_slider_layout_landscape":"","post_slider_layout_portrait":"","post_slider_layout_square":"","full":""},"yoast_head":"<!-- This site is optimized with the Yoast SEO plugin v27.5 - https:\/\/yoast.com\/product\/yoast-seo-wordpress\/ -->\n<title>Mo\u017enosti pod\u00e1n\u00ed st\u00ed\u017enosti - \u010dty\u0159l\u00edstek<\/title>\n<meta name=\"robots\" content=\"index, follow, max-snippet:-1, max-image-preview:large, max-video-preview:-1\" \/>\n<link rel=\"canonical\" href=\"https:\/\/cdsctyrlistek.cz\/?page_id=2017\" \/>\n<meta property=\"og:locale\" content=\"cs_CZ\" \/>\n<meta property=\"og:type\" content=\"article\" \/>\n<meta property=\"og:title\" content=\"Mo\u017enosti pod\u00e1n\u00ed st\u00ed\u017enosti - \u010dty\u0159l\u00edstek\" \/>\n<meta property=\"og:description\" content=\"U\u017eivatel slu\u017eby a pe\u010duj\u00edc\u00ed osoba maj\u00ed mo\u017enost podat st\u00ed\u017enost, a to: a) p\u00edsemn\u011b \u010di \u00fastn\u011b &#8211; u kter\u00e9hokoliv zam\u011bstnance, b) po\u0161tou &#8211; na adresu &#8211; n\u00e1b\u0159. Petra Bezru\u010de 430, Sokolov 35601, c) telefonicky \u2013 na telefonn\u00edm \u010d\u00edsle +420 731&nbsp;896&nbsp;839 \u2013 \u0159editelka organizace, d) elektronicky na email \u2013&nbsp;reditelka@cdsctyrlistek.cz, e) zakladateli \u00fastavu: Jakub Bartakovics &#8211;&nbsp;jakubBartakovics@seznam.cz, f) Krajsk\u00e9mu [&hellip;]\" \/>\n<meta property=\"og:url\" content=\"https:\/\/cdsctyrlistek.cz\/?page_id=2017\" \/>\n<meta property=\"og:site_name\" content=\"\u010dty\u0159l\u00edstek\" \/>\n<meta property=\"article:modified_time\" content=\"2025-11-11T15:59:50+00:00\" \/>\n<meta property=\"og:image\" content=\"https:\/\/cdsctyrlistek.cz\/wp-content\/uploads\/2024\/10\/cropped-logo.png\" \/>\n\t<meta property=\"og:image:width\" content=\"240\" \/>\n\t<meta property=\"og:image:height\" content=\"240\" \/>\n\t<meta property=\"og:image:type\" content=\"image\/png\" \/>\n<meta name=\"twitter:card\" content=\"summary_large_image\" \/>\n<meta name=\"twitter:label1\" content=\"Odhadovan\u00e1 doba \u010dten\u00ed\" \/>\n\t<meta name=\"twitter:data1\" content=\"2 minuty\" \/>\n<script type=\"application\/ld+json\" class=\"yoast-schema-graph\">{\"@context\":\"https:\\\/\\\/schema.org\",\"@graph\":[{\"@type\":\"WebPage\",\"@id\":\"https:\\\/\\\/cdsctyrlistek.cz\\\/?page_id=2017\",\"url\":\"https:\\\/\\\/cdsctyrlistek.cz\\\/?page_id=2017\",\"name\":\"Mo\u017enosti pod\u00e1n\u00ed st\u00ed\u017enosti - \u010dty\u0159l\u00edstek\",\"isPartOf\":{\"@id\":\"https:\\\/\\\/cdsctyrlistek.cz\\\/#website\"},\"datePublished\":\"2025-11-10T20:08:42+00:00\",\"dateModified\":\"2025-11-11T15:59:50+00:00\",\"breadcrumb\":{\"@id\":\"https:\\\/\\\/cdsctyrlistek.cz\\\/?page_id=2017#breadcrumb\"},\"inLanguage\":\"cs\",\"potentialAction\":[{\"@type\":\"ReadAction\",\"target\":[\"https:\\\/\\\/cdsctyrlistek.cz\\\/?page_id=2017\"]}]},{\"@type\":\"BreadcrumbList\",\"@id\":\"https:\\\/\\\/cdsctyrlistek.cz\\\/?page_id=2017#breadcrumb\",\"itemListElement\":[{\"@type\":\"ListItem\",\"position\":1,\"name\":\"Dom\u016f\",\"item\":\"https:\\\/\\\/cdsctyrlistek.cz\\\/\"},{\"@type\":\"ListItem\",\"position\":2,\"name\":\"Mo\u017enosti pod\u00e1n\u00ed st\u00ed\u017enosti\"}]},{\"@type\":\"WebSite\",\"@id\":\"https:\\\/\\\/cdsctyrlistek.cz\\\/#website\",\"url\":\"https:\\\/\\\/cdsctyrlistek.cz\\\/\",\"name\":\"\u010dty\u0159l\u00edstek\",\"description\":\"ter\u00e9nn\u00ed odleh\u010dovac\u00ed slu\u017eby v Karlovarsk\u00e9m kraji\",\"publisher\":{\"@id\":\"https:\\\/\\\/cdsctyrlistek.cz\\\/#organization\"},\"potentialAction\":[{\"@type\":\"SearchAction\",\"target\":{\"@type\":\"EntryPoint\",\"urlTemplate\":\"https:\\\/\\\/cdsctyrlistek.cz\\\/?s={search_term_string}\"},\"query-input\":{\"@type\":\"PropertyValueSpecification\",\"valueRequired\":true,\"valueName\":\"search_term_string\"}}],\"inLanguage\":\"cs\"},{\"@type\":\"Organization\",\"@id\":\"https:\\\/\\\/cdsctyrlistek.cz\\\/#organization\",\"name\":\"\u010dty\u0159l\u00edstek\",\"url\":\"https:\\\/\\\/cdsctyrlistek.cz\\\/\",\"logo\":{\"@type\":\"ImageObject\",\"inLanguage\":\"cs\",\"@id\":\"https:\\\/\\\/cdsctyrlistek.cz\\\/#\\\/schema\\\/logo\\\/image\\\/\",\"url\":\"https:\\\/\\\/cdsctyrlistek.cz\\\/wp-content\\\/uploads\\\/2024\\\/10\\\/cropped-logo.png\",\"contentUrl\":\"https:\\\/\\\/cdsctyrlistek.cz\\\/wp-content\\\/uploads\\\/2024\\\/10\\\/cropped-logo.png\",\"width\":240,\"height\":240,\"caption\":\"\u010dty\u0159l\u00edstek\"},\"image\":{\"@id\":\"https:\\\/\\\/cdsctyrlistek.cz\\\/#\\\/schema\\\/logo\\\/image\\\/\"}}]}<\/script>\n<!-- \/ Yoast SEO plugin. -->","yoast_head_json":{"title":"Mo\u017enosti pod\u00e1n\u00ed st\u00ed\u017enosti - \u010dty\u0159l\u00edstek","robots":{"index":"index","follow":"follow","max-snippet":"max-snippet:-1","max-image-preview":"max-image-preview:large","max-video-preview":"max-video-preview:-1"},"canonical":"https:\/\/cdsctyrlistek.cz\/?page_id=2017","og_locale":"cs_CZ","og_type":"article","og_title":"Mo\u017enosti pod\u00e1n\u00ed st\u00ed\u017enosti - \u010dty\u0159l\u00edstek","og_description":"U\u017eivatel slu\u017eby a pe\u010duj\u00edc\u00ed osoba maj\u00ed mo\u017enost podat st\u00ed\u017enost, a to: a) p\u00edsemn\u011b \u010di \u00fastn\u011b &#8211; u kter\u00e9hokoliv zam\u011bstnance, b) po\u0161tou &#8211; na adresu &#8211; n\u00e1b\u0159. Petra Bezru\u010de 430, Sokolov 35601, c) telefonicky \u2013 na telefonn\u00edm \u010d\u00edsle +420 731&nbsp;896&nbsp;839 \u2013 \u0159editelka organizace, d) elektronicky na email \u2013&nbsp;reditelka@cdsctyrlistek.cz, e) zakladateli \u00fastavu: Jakub Bartakovics &#8211;&nbsp;jakubBartakovics@seznam.cz, f) Krajsk\u00e9mu [&hellip;]","og_url":"https:\/\/cdsctyrlistek.cz\/?page_id=2017","og_site_name":"\u010dty\u0159l\u00edstek","article_modified_time":"2025-11-11T15:59:50+00:00","og_image":[{"width":240,"height":240,"url":"https:\/\/cdsctyrlistek.cz\/wp-content\/uploads\/2024\/10\/cropped-logo.png","type":"image\/png"}],"twitter_card":"summary_large_image","twitter_misc":{"Odhadovan\u00e1 doba \u010dten\u00ed":"2 minuty"},"schema":{"@context":"https:\/\/schema.org","@graph":[{"@type":"WebPage","@id":"https:\/\/cdsctyrlistek.cz\/?page_id=2017","url":"https:\/\/cdsctyrlistek.cz\/?page_id=2017","name":"Mo\u017enosti pod\u00e1n\u00ed st\u00ed\u017enosti - \u010dty\u0159l\u00edstek","isPartOf":{"@id":"https:\/\/cdsctyrlistek.cz\/#website"},"datePublished":"2025-11-10T20:08:42+00:00","dateModified":"2025-11-11T15:59:50+00:00","breadcrumb":{"@id":"https:\/\/cdsctyrlistek.cz\/?page_id=2017#breadcrumb"},"inLanguage":"cs","potentialAction":[{"@type":"ReadAction","target":["https:\/\/cdsctyrlistek.cz\/?page_id=2017"]}]},{"@type":"BreadcrumbList","@id":"https:\/\/cdsctyrlistek.cz\/?page_id=2017#breadcrumb","itemListElement":[{"@type":"ListItem","position":1,"name":"Dom\u016f","item":"https:\/\/cdsctyrlistek.cz\/"},{"@type":"ListItem","position":2,"name":"Mo\u017enosti pod\u00e1n\u00ed st\u00ed\u017enosti"}]},{"@type":"WebSite","@id":"https:\/\/cdsctyrlistek.cz\/#website","url":"https:\/\/cdsctyrlistek.cz\/","name":"\u010dty\u0159l\u00edstek","description":"ter\u00e9nn\u00ed odleh\u010dovac\u00ed slu\u017eby v Karlovarsk\u00e9m kraji","publisher":{"@id":"https:\/\/cdsctyrlistek.cz\/#organization"},"potentialAction":[{"@type":"SearchAction","target":{"@type":"EntryPoint","urlTemplate":"https:\/\/cdsctyrlistek.cz\/?s={search_term_string}"},"query-input":{"@type":"PropertyValueSpecification","valueRequired":true,"valueName":"search_term_string"}}],"inLanguage":"cs"},{"@type":"Organization","@id":"https:\/\/cdsctyrlistek.cz\/#organization","name":"\u010dty\u0159l\u00edstek","url":"https:\/\/cdsctyrlistek.cz\/","logo":{"@type":"ImageObject","inLanguage":"cs","@id":"https:\/\/cdsctyrlistek.cz\/#\/schema\/logo\/image\/","url":"https:\/\/cdsctyrlistek.cz\/wp-content\/uploads\/2024\/10\/cropped-logo.png","contentUrl":"https:\/\/cdsctyrlistek.cz\/wp-content\/uploads\/2024\/10\/cropped-logo.png","width":240,"height":240,"caption":"\u010dty\u0159l\u00edstek"},"image":{"@id":"https:\/\/cdsctyrlistek.cz\/#\/schema\/logo\/image\/"}}]}},"_links":{"self":[{"href":"https:\/\/cdsctyrlistek.cz\/index.php?rest_route=\/wp\/v2\/pages\/2017","targetHints":{"allow":["GET"]}}],"collection":[{"href":"https:\/\/cdsctyrlistek.cz\/index.php?rest_route=\/wp\/v2\/pages"}],"about":[{"href":"https:\/\/cdsctyrlistek.cz\/index.php?rest_route=\/wp\/v2\/types\/page"}],"author":[{"embeddable":true,"href":"https:\/\/cdsctyrlistek.cz\/index.php?rest_route=\/wp\/v2\/users\/1"}],"replies":[{"embeddable":true,"href":"https:\/\/cdsctyrlistek.cz\/index.php?rest_route=%2Fwp%2Fv2%2Fcomments&post=2017"}],"version-history":[{"count":3,"href":"https:\/\/cdsctyrlistek.cz\/index.php?rest_route=\/wp\/v2\/pages\/2017\/revisions"}],"predecessor-version":[{"id":2044,"href":"https:\/\/cdsctyrlistek.cz\/index.php?rest_route=\/wp\/v2\/pages\/2017\/revisions\/2044"}],"wp:attachment":[{"href":"https:\/\/cdsctyrlistek.cz\/index.php?rest_route=%2Fwp%2Fv2%2Fmedia&parent=2017"}],"curies":[{"name":"wp","href":"https:\/\/api.w.org\/{rel}","templated":true}]}}